ivided by 5.
4
Let f(v) = -v**3 - 2*v**2 - v + 5. Suppose 17*d - 1286 - 1417 = 0. Suppose -7*u = -d + 54. What is the remainder when f(-4) is divided by u?
11
Calculate the remainder when 235 is divided by (-504)/(-6) + -1 + 0 + 3.
63
Let y be 11 + -15 - (-87 + 1). Let k = y - 55. Calculate the remainder when k is divided by 14.
13
Let o = -33 - -33. Suppose o = -2*p + 9 + 5. What is the remainder when 20 is divided by p?
6
Suppose -308 = -3*k - 41. Calculate the remainder when 328 is divided by k.
61
Suppose 4*h - 81 - 8 = -5*j, 0 = -j + 1. Calculate the remainder when 227 is divided by h.
17
Suppose 0 = -7*q + 3*q - 2*j + 78, 5*q - 90 = -4*j. What is the remainder when 65 is divided by q?
21
Let n(j) = -104*j - 279. What is the remainder when 159 is divided by n(-3)?
27
Let c(w) = -23*w + 289. Calculate the remainder when 99 is divided by c(11).
27
Suppose 4*l = -3*k + 8, 2*k + 8 = -2*k + 4*l. Suppose k = -0*c - c + 72. Suppose 0 = 29*f - 24*f - 95. Calculate the remainder when c is divided by f.
15
Let f be (-32 + 3 + -2)*-3. Suppose o - 4*i - f = 0, -2*o + 21*i + 189 = 16*i. Calculate the remainder when o is divided by 7.
6
Suppose 96 = 5*a + 3*t, 5*a - 38 = -t + 54. Suppose -3*w - 685 = 2*w. Let l = w - -224. What is the remainder when l is divided by a?
15
Suppose 4*p + 2*d = 5*d + 201, -3*d + 105 = 2*p. Suppose 5*t = -25, -z + 6 = -2*t - 17. What is the remainder when p is divided by z?
12
Let p = 28 - 26. Suppose -p*k + 14 - 10 = 0. What is the remainder when 2 is divided by k?
0
Suppose 0 = -0*y - y + 6. Suppose -y*r = -2*r - 12. Calculate the remainder when 5 is divided by r.
2
Suppose -31*z + 101*z - 20720 = 0. Calculate the remainder when z is divided by 27.
26
Calculate the remainder when 112 is divided by 6 - -1 - 7 - -57.
55
Suppose 94 = -3*p - 380. Let x(f) = -25*f**2 + 3*f - 1. Let r be x(2). Let o = r - p. What is the remainder when o is divided by 33?
30
What is the remainder when 46 is divided by (-70)/(-45)*-3*(-3)/2?
4
Suppose -21 = 5*l - 6*l. Let y(m) be the first derivative of 2*m**3/3 + 5*m**2 - 6*m + 1. Calculate the remainder when l is divided by y(-6).
3
Let m(g) = 131*g + 13. Let i(d) = 66*d + 7. Let b(v) = 7*i(v) - 4*m(v). Calculate the remainder when b(-1) is divided by 15.
14
Let s = 138 + -125. What is the remainder when 284 is divided by s?
11
Let z be 2/12 + 1364/24. Suppose -2*a + 49 + z = 0. What is the remainder when a is divided by 7?
4
Calculate the remainder when 359 is divided by (-5)/(-10) + 238/4.
59
Let y be (0 - (-6)/(-10)) + 13/5. Let z = y - -14. What is the remainder when 78 is divided by z?
14
Let v = 1318 + -1185. What is the remainder when 211 is divided by v?
78
Suppose 22*s - 28*s + 528 = 0. What is the remainder when s is divided by 25?
13
Suppose -5*j - 51 + 36 = 0. Calculate the remainder when 46 is divided by j*(-2 + -6) - (-2 - -2).
22
Let b = -126 + 163. Calculate the remainder when 66 is divided by b.
29
Suppose -3*o = -7*o + 12. Suppose 0 = -3*g - 6 + o, -5*v + 2*g + 552 = 0. Suppose 0*u - 5*u + v = 0. What is the remainder when 63 is divided by u?
19
Let p = -13 + 17. Suppose -v = -p - 5. Calculate the remainder when 53 is divided by v.
8
Suppose f - 140 = -4*a, -2 = a - 5*f - 16. What is the remainder when a is divided by 19?
15
Suppose 64 = 5*w - 13*w. Let o(c) = c**2 + 5*c - 17. What is the remainder when 26 is divided by o(w)?
5
What is the remainder when (-1)/(2 + -1)*(-104 + -9) is divided by 5?
3
Suppose -o = o - 6, 3*h - 5*o - 885 = 0. Calculate the remainder when h is divided by 21.
6
Suppose 3*s = y - 6*y + 640, 512 = 4*y - 4*s. Suppose -6*a = -8*a + y. What is the remainder when a is divided by 22?
20
Suppose -1830 = -2*h - 1792. Let k = 35 - -115. Calculate the remainder when k is divided by h.
17
Let t(q) = -9*q**3 + 2*q + 1. Let x be t(-1). Suppose 0 = -7*m + 3*m - x. Calculate the remainder when m*(-2 + 27/(-6)) is divided by 7.
6
Let z(q) = q**3 - 8*q**2 + 10*q - 14. Suppose h + 3 = 5. Calculate the remainder when z(7) is divided by h.
1
Suppose 13 = 10*c - 37. Suppose c*r - 4*l = 124, -4*l + 44 = 2*r - r. Calculate the remainder when r is divided by 10.
8
Suppose -o + 0*o + 1 = 0. Let p(j) = 17*j**2 - j. Let h = 13 - -17. Calculate the remainder when h is divided by p(o).
14
Let n(k) = 31*k - 37. Let s(b) = -5*b - 6. Calculate the remainder when n(2) is divided by s(-4).
11
Suppose -5*a = -5*s + 795, 20 = -0*a - 4*a. Let h = -284 + 288. Suppose h*y + s = 398. What is the remainder when y is divided by 21?
19
Let n(b) = -b**2 + 46*b + 279. Calculate the remainder when 69 is divided by n(51).
21
Suppose -4*r - 171 = 5*b + 393, -3*r = -2*b + 400. Let n = -113 - r. What is the remainder when 60 is divided by n?
14
Let k(l) = l**3 - 10*l**2 + 12*l - 2. Suppose -2*g + 27 - 9 = 0. Let b(s) = s**3 + 35*s**2 + 35*s + 47. What is the remainder when k(g) is divided by b(-34)?
12
Let w be (-3 - -1) + 1*-31. Suppose -4*q - 46 = t - 7*q, -4*q + 12 = 0. Let o = w - t. What is the remainder when 12 is divided by o?
0
Let b(l) = 3*l**2 - 17*l - 15. What is the remainder when 323 is divided by b(8)?
36
Suppose -4*c - 5*f - 632 = -2441, 2*f - 1348 = -3*c. What is the remainder when c is divided by 8?
6
Suppose -q = -3*q + 3*x - 42, -x + 4 = 0. What is the remainder when 3/2*(-850)/q is divided by 29?
27
Let f(v) = v**2 + 4*v - 7. Suppose -3*t - h - 108 = -6*t, -3*h = 5*t - 180. Calculate the remainder when t is divided by f(3).
8
Calculate the remainder when (-24)/120 - 1932/(-10) is divided by 22.
17
Suppose 251 = 5*l - 3*z, 0*z - 5*z = -5*l + 245. Suppose -y - y = -l. What is the remainder when 101 is divided by y?
23
Suppose 0 = -0*a + 4*a + 32. Calculate the remainder when 8 is divided by -2*(a - -4) + -3.
3
Let z = -14 - -21. Let r(y) = y**2 - 7*y + 19. Calculate the remainder when r(6) is divided by z.
6
Let r(m) be the second derivative of m**5/10 + m**4/12 - m**3/2 + m**2/2 + 31*m. What is the remainder when (0 - 2) + 1 + 4 is divided by r(1)?
0
Suppose -4*t = -5*t - g - 27, 3*t + 73 = -5*g. Let p = 29 + t. What is the remainder when 64 is divided by (-10 - (-1 - p))*-2?
20
Suppose 760 = 7*u - 1585. Calculate the remainder when u is divided by 26.
23
Suppose 0 = -17*s + 232 - 11. Let f(c) = c**2 - 5*c - 2. Calculate the remainder when f(-3) is divided by s.
9
Suppose 4*f + 40 = 4*k, 0 = -k + f - 6*f - 20. Suppose 0 = -k*i - n + 18, -4*n + 10 = 5*i - 2. What is the remainder when 4 is divided by i?
0
Let a = 23 - 7. Let l be (4/14)/((-3)/(-21)). Let g = l - -43. Calculate the remainder when g is divided by a.
13
Let c(b) = b**2 - 4*b - 6. Let i = -14 - -43. What is the remainder when i is divided by c(-3)?
14
Suppose 0*i + 3*i = 57. Suppose -137 = -3*n - 5*t, 0 = -321*n + 326*n + 4*t - 237. Calculate the remainder when n is divided by i.
11
Let i(w) = -w**3 + 3*w**2 - 3*w + 5. Let x be i(2). Suppose 27 = 6*q - x*q. Let s = 2 + q. Calculate the remainder when 41 is divided by s.
8
Suppose 0 = -423*y + 444*y - 588. What is the remainder when 361 is divided by y?
25
Let f be (11/3 + -4)*-36. Let v = f - 1. What is the remainder when 19 is divided by v?
8
Let h = 40 + -38. Suppose -2*n + 3*y = -44, 0 = -3*n + 2*y + h*y + 64. Calculate the remainder when n is divided by 6.
4
Let p(m) = 28*m**2 + 31*m - 107. Calculate the remainder when p(4) is divided by 117.
114
Let i(f) = 2*f - 15. Let j be i(7). Suppose 0 = 3*x - 43 - 59. Let n = x + j. What is the remainder when n is divided by 9?
6
Suppose 23*z - 261 = -31. What is the remainder when 26 is divided by z?
6
Calculate the remainder when 2079 is divided by 8*-26*3*1/(-6).
103
Let q(t) = -t**2 + 13*t - 11. Let m be q(7). Suppose -6*y - m = -205. Calculate the remainder when y is divided by 15.
14
Suppose 89*w = 82*w + 98. Calculate the remainder when w is divided by 12.
2
Let i = 15 - 13. Suppose -i*w - 4*z + 20 = -2, -2*w + 2*z - 2 = 0. Suppose 0*s = -w*s + 6. Calculate the remainder when 8 is divided by s.
0
Suppose -65*u + 190*u = -163*u + 7488. Suppose -2*o = -3*o + 103. Calculate the remainder when o is divided by u.
25
Let p = 214 - 192. Calculate the remainder when 77 is divided by p.
11
Let g(h) = -h**2 - 19*h - 7. Let a be g(-16). Suppose -2*l = -415 + a. What is the remainder when l is divided by 38?
35
Calculate the